d by 38.
36
Calculate the remainder when 13 is divided by 4.
1
What is the remainder when 203 is divided by 30?
23
What is the remainder when 226 is divided by 48?
34
What is the remainder when 248 is divided by 245?
3
What is the remainder when 12280 is divided by 46?
44
What is the remainder when 1723 is divided by 110?
73
What is the remainder when 76 is divided by 28?
20
Calculate the remainder when 401 is divided by 78.
11
Calculate the remainder when 601 is divided by 86.
85
What is the remainder when 388 is divided by 20?
8
What is the remainder when 207 is divided by 10?
7
Calculate the remainder when 1383 is divided by 18.
15
Calculate the remainder when 3049 is divided by 50.
49
What is the remainder when 285 is divided by 12?
9
Calculate the remainder when 233 is divided by 36.
17
What is the remainder when 1955 is divided by 37?
31
Calculate the remainder when 79417 is divided by 418.
415
What is the remainder when 116 is divided by 20?
16
Calculate the remainder when 103 is divided by 27.
22
What is the remainder when 20 is divided by 5?
0
Calculate the remainder when 1375 is divided by 228.
7
What is the remainder when 90 is divided by 32?
26
Calculate the remainder when 1110 is divided by 18.
12
What is the remainder when 490 is divided by 12?
10
What is the remainder when 451 is divided by 12?
7
Calculate the remainder when 6055 is divided by 42.
7
Calculate the remainder when 2046 is divided by 32.
30
Calculate the remainder when 633 is divided by 209.
6
Calculate the remainder when 6156 is divided by 154.
150
Calculate the remainder when 754 is divided by 186.
10
What is the remainder when 704 is divided by 143?
132
Calculate the remainder when 206 is divided by 10.
6
What is the remainder when 648 is divided by 309?
30
Calculate the remainder when 590 is divided by 67.
54
Calculate the remainder when 154 is divided by 22.
0
What is the remainder when 55 is divided by 28?
27
Calculate the remainder when 906 is divided by 24.
18
Calculate the remainder when 526 is divided by 17.
16
What is the remainder when 762 is divided by 5?
2
Calculate the remainder when 156 is divided by 83.
73
What is the remainder when 61 is divided by 46?
15
What is the remainder when 1214 is divided by 1195?
19
Calculate the remainder when 362 is divided by 128.
106
What is the remainder when 375 is divided by 13?
11
What is the remainder when 5321 is divided by 44?
41
What is the remainder when 345 is divided by 14?
9
Calculate the remainder when 1983 is divided by 16.
15
Calculate the remainder when 1020 is divided by 73.
71
What is the remainder when 2813 is divided by 4?
1
Calculate the remainder when 869 is divided by 3.
2
Calculate the remainder when 74 is divided by 42.
32
Calculate the remainder when 21 is divided by 3.
0
Calculate the remainder when 61 is divided by 11.
6
What is the remainder when 1887 is divided by 38?
25
Calculate the remainder when 264 is divided by 32.
8
What is the remainder when 559 is divided by 96?
79
Calculate the remainder when 233 is divided by 47.
45
Calculate the remainder when 1661 is divided by 38.
27
Calculate the remainder when 6473 is divided by 175.
173
What is the remainder when 200 is divided by 67?
66
Calculate the remainder when 233 is divided by 120.
113
Calculate the remainder when 2098 is divided by 25.
23
What is the remainder when 135 is divided by 10?
5
What is the remainder when 1948 is divided by 61?
57
What is the remainder when 103 is divided by 9?
4
Calculate the remainder when 28447 is divided by 50.
47
What is the remainder when 9961 is divided by 277?
266
Calculate the remainder when 4801 is divided by 98.
97
What is the remainder when 544 is divided by 267?
10
Calculate the remainder when 53 is divided by 18.
17
Calculate the remainder when 299 is divided by 138.
23
What is the remainder when 504 is divided by 88?
64
Calculate the remainder when 14 is divided by 11.
3
What is the remainder when 124 is divided by 4?
0
What is the remainder when 40 is divided by 7?
5
What is the remainder when 483 is divided by 11?
10
What is the remainder when 2391 is divided by 14?
11
Calculate the remainder when 533 is divided by 178.
177
What is the remainder when 32534 is divided by 56?
54
Calculate the remainder when 75 is divided by 31.
13
What is the remainder when 68 is divided by 19?
11
What is the remainder when 43 is divided by 23?
20
Calculate the remainder when 141 is divided by 8.
5
What is the remainder when 309 is divided by 57?
24
Calculate the remainder when 825 is divided by 31.
19
What is the remainder when 2853 is divided by 68?
65
What is the remainder when 278 is divided by 31?
30
Calculate the remainder when 427 is divided by 213.
1
Calculate the remainder when 899 is divided by 21.
17
Calculate the remainder when 427 is divided by 33.
31
What is the remainder when 2839 is divided by 14?
11
Calculate the remainder when 153 is divided by 8.
1
What is the remainder when 110 is divided by 48?
14
What is the remainder when 644 is divided by 12?
8
Calculate the remainder when 54 is divided by 34.
20
What is the remainder when 193 is divided by 53?
34
What is the remainder when 108 is divided by 55?
53
What is the remainder when 339 is divided by 9?
6
Calculate the remainder when 255 is divided by 248.
7
Calculate the remainder when 1281 is divided by 4.
1
Calculate the remainder when 171 is divided by 29.
26
What is the remainder when 13545 is divided by 13?
12
What is the remainder when 2768 is divided by 16?
0
Calculate the remainder when 195 is divided by 56.
27
Calculate the remainder when 290 is divided by 113.
64
What is the remainder when 309 is divided by 57?
24
Calculate the remainder when 164 is divided by 27.
2
Calculate the remainder when 47 is divided by 6.
5
What is the remainder when 714 is divided by 230?
24
What is the remainder when 803 is divided by 327?
149
Calculate the remainder when 722 is divided by 360.
2
What is the remainder when 2572 is divided by 136?
124
Calculate the remainder when 1043 is divided by 36.
35
Calculate the remainder when 211 is divided by 45.
31
What is the remainder when 308 is divided by 47?
26
Calculate the remainder when 607 is divided by 167.
106
Calculate the remainder when 1058 is divided by 101.
48
Calculate the remainder when 215 is divided by 57.
44
Calculate the remainder when 117 is divided by 62.
55
What is the remainder when 735 is divided by 671?
64
Calculate the remainder when 4696 is divided by 9.
7
Calculate the remainder when 233 is divided by 91.
51
Calculate the remainder when 11 is divided by 4.
3
What is the remainder when 11 is divided by 3?
2
What is the remainder when 900 is divided by 896?
4
Calculate the remainder when 709 is divided by 89.
86
Calculate the remainder when 10761 is divided by 12.
9
Calculate the remainder when 602 is divided by 193.
23
What is the remainder when 398 is divided by 21?
20
What is the remainder when 984 is divided by 964?
20
Calculate the remainder when 2227 is divided by 95.
42
Calculate the remainder when 126 is divided by 38.
12
What is the remainder when 14935 is divided by 4975?
10
Calculate the remainder when 1105 is divided by 9.
7
Calculate the remainder when 429 is divided by 6.
3
Calculate the remainder when 654 is divided by 82.
80
Calculate the remainder when 69 is divided by 6.
3
What is the remainder when 99 is divided by 45?
9
Calculate the remainder when 56 is divided by 12.
8
Calculate the remainder when 1143 is divided by 374.
21
Calculate the remainder when 148 is divided by 40.
28
What is the remainder when 3763 is divided by 77?
67
Calculate the remainder when 596 is divided by 20.
16
Calculate the remainder when 26 is divided by 10.
6
Calculate the remainder when 1927 is divided by 42.
37
Calculate the remainder when 404 is divided by 9.
8
Calculate the remainder when 2393 is divided by 51.
47
What is the remainder when 4287 is divided by 15?
12
What is the remainder when 267 is divided by 261?
6
Calculate the remainder when 348 is divided by 130.
88
What is the remainder when 186 is divided by 27?
24
Calculate the remainder when 498 is divided by 117.
30
What is the remainder when 49 is divided by 12?
1
Calculate the remainder when 853 is divided by 107.
1